{"id":23,"date":"2019-03-12T17:57:50","date_gmt":"2015-09-14T07:29:52","guid":{"rendered":"http:\/\/www.clc.hcmus.edu.vn\/?page_id=23"},"modified":"2020-03-25T23:52:49","modified_gmt":"2020-03-25T16:52:49","slug":"san-pham-hop-tac-nghien-cuu","status":"publish","type":"page","link":"https:\/\/www.clc.hcmus.edu.vn\/?page_id=23","title":{"rendered":"S\u00e1ch &#8211; Gi\u00e1o tr\u00ecnh &#8211; T\u1eeb \u0111i\u1ec3n"},"content":{"rendered":"<ol>\n<li><strong>S\u00e1ch chuy\u00ean kh\u1ea3o T\u1eeb \u0111i\u1ec3n h\u1ecdc T\u00ednh to\u00e1n, \u0110HQG Tp.HCM, 2019<br \/>\n<\/strong> <a href=\"http:\/\/www.clc.hcmus.edu.vn\/wp-content\/uploads\/2019\/03\/TuDienHoc_TinhToan.jpg\"><img decoding=\"async\" loading=\"lazy\" class=\"wp-image-781 size-medium alignnone\" src=\"http:\/\/www.clc.hcmus.edu.vn\/wp-content\/uploads\/2019\/03\/TuDienHoc_TinhToan.jpg\" alt=\"S\u00e1ch chuy\u00ean kh\u1ea3o T\u1eeb \u0111i\u1ec3n h\u1ecdc T\u00ednh to\u00e1n\" width=\"216\" height=\"300\" \/><\/a><\/li>\n<li><strong>S\u00e1ch chuy\u00ean kh\u1ea3o Ng\u00f4n ng\u1eef h\u1ecdc Ng\u1eef li\u1ec7u, \u0110HQG Tp.HCM, 2018<br \/>\n<\/strong> <a href=\"http:\/\/www.clc.hcmus.edu.vn\/wp-content\/uploads\/2019\/03\/NgonNguHoc_NguLieu.jpg\"><img decoding=\"async\" loading=\"lazy\" class=\"wp-image-781 size-medium alignnone\" src=\"http:\/\/www.clc.hcmus.edu.vn\/wp-content\/uploads\/2019\/03\/NgonNguHoc_NguLieu.jpg\" alt=\"S\u00e1ch chuy\u00ean kh\u1ea3o Ng\u00f4n ng\u1eef h\u1ecdc Ng\u1eef li\u1ec7u\" width=\"216\" height=\"300\" \/><\/a><\/li>\n<li><strong>Gi\u00e1o tr\u00ecnh X\u1eed l\u00fd ng\u00f4n ng\u1eef t\u1ef1 nhi\u00ean, \u0110HQG Tp.HCM, 2005<br \/>\n<\/strong> <a href=\"http:\/\/www.clc.hcmus.edu.vn\/wp-content\/uploads\/2015\/09\/Gi\u00e1o-tr\u00ecnh-X\u1eed-l\u00fd-ng\u00f4n-ng\u1eef-t\u1ef1-nhi\u00ean.jpg\"><img decoding=\"async\" loading=\"lazy\" class=\"wp-image-781 size-medium alignnone\" src=\"http:\/\/www.clc.hcmus.edu.vn\/wp-content\/uploads\/2015\/09\/Gi\u00e1o-tr\u00ecnh-X\u1eed-l\u00fd-ng\u00f4n-ng\u1eef-t\u1ef1-nhi\u00ean-216x300.jpg\" alt=\"Gi\u00e1o tr\u00ecnh X\u1eed l\u00fd ng\u00f4n ng\u1eef t\u1ef1 nhi\u00ean\" width=\"216\" height=\"300\" srcset=\"https:\/\/www.clc.hcmus.edu.vn\/wp-content\/uploads\/2015\/09\/Gi\u00e1o-tr\u00ecnh-X\u1eed-l\u00fd-ng\u00f4n-ng\u1eef-t\u1ef1-nhi\u00ean-216x300.jpg 216w, https:\/\/www.clc.hcmus.edu.vn\/wp-content\/uploads\/2015\/09\/Gi\u00e1o-tr\u00ecnh-X\u1eed-l\u00fd-ng\u00f4n-ng\u1eef-t\u1ef1-nhi\u00ean.jpg 350w\" sizes=\"(max-width: 216px) 100vw, 216px\" \/><\/a><\/li>\n<li><strong>T\u1eeb \u0111i\u1ec3n Anh Vi\u1ec7t ch\u1eef Braille cho ng\u01b0\u1eddi khi\u1ebfm th\u1ecb<\/strong><br \/>\n<a href=\"http:\/\/www.clc.hcmus.edu.vn\/wp-content\/uploads\/2015\/10\/GiayChungNhanTuDienChuBraille.jpg\"><img decoding=\"async\" loading=\"lazy\" class=\"alignnone wp-image-142 size-medium\" src=\"http:\/\/www.clc.hcmus.edu.vn\/wp-content\/uploads\/2015\/10\/GiayChungNhanTuDienChuBraille.jpg\" alt=\"phan mem nguoi kiem thi hoc tieng Anh\" width=\"300\" height=\"211\" \/><\/a><\/li>\n<li><strong>M\u1ed9t s\u1ed1 t\u1eeb \u0111i\u1ec3n ti\u1ebfng d\u00e2n t\u1ed9c<\/strong><\/li>\n<\/ol>\n","protected":false},"excerpt":{"rendered":"<p>S\u00e1ch chuy\u00ean kh\u1ea3o T\u1eeb \u0111i\u1ec3n h\u1ecdc T\u00ednh to\u00e1n, \u0110HQG Tp.HCM, 2019 S\u00e1ch chuy\u00ean kh\u1ea3o Ng\u00f4n ng\u1eef h\u1ecdc Ng\u1eef li\u1ec7u, \u0110HQG [&hellip;]<\/p>\n","protected":false},"author":3,"featured_media":132,"parent":42,"menu_order":0,"comment_status":"closed","ping_status":"closed","template":"","meta":[],"_links":{"self":[{"href":"https:\/\/www.clc.hcmus.edu.vn\/index.php?rest_route=\/wp\/v2\/pages\/23"}],"collection":[{"href":"https:\/\/www.clc.hcmus.edu.vn\/index.php?rest_route=\/wp\/v2\/pages"}],"about":[{"href":"https:\/\/www.clc.hcmus.edu.vn\/index.php?rest_route=\/wp\/v2\/types\/page"}],"author":[{"embeddable":true,"href":"https:\/\/www.clc.hcmus.edu.vn\/index.php?rest_route=\/wp\/v2\/users\/3"}],"replies":[{"embeddable":true,"href":"https:\/\/www.clc.hcmus.edu.vn\/index.php?rest_route=%2Fwp%2Fv2%2Fcomments&post=23"}],"version-history":[{"count":25,"href":"https:\/\/www.clc.hcmus.edu.vn\/index.php?rest_route=\/wp\/v2\/pages\/23\/revisions"}],"predecessor-version":[{"id":3060,"href":"https:\/\/www.clc.hcmus.edu.vn\/index.php?rest_route=\/wp\/v2\/pages\/23\/revisions\/3060"}],"up":[{"embeddable":true,"href":"https:\/\/www.clc.hcmus.edu.vn\/index.php?rest_route=\/wp\/v2\/pages\/42"}],"wp:featuredmedia":[{"embeddable":true,"href":"https:\/\/www.clc.hcmus.edu.vn\/index.php?rest_route=\/wp\/v2\/media\/132"}],"wp:attachment":[{"href":"https:\/\/www.clc.hcmus.edu.vn\/index.php?rest_route=%2Fwp%2Fv2%2Fmedia&parent=23"}],"curies":[{"name":"wp","href":"https:\/\/api.w.org\/{rel}","templated":true}]}}