{"id":2964,"date":"2019-03-12T17:40:36","date_gmt":"2015-09-14T07:27:12","guid":{"rendered":"http:\/\/www.clc.hcmus.edu.vn\/?page_id=2964"},"modified":"2025-11-11T20:43:04","modified_gmt":"2025-11-11T13:43:04","slug":"%ec%8a%a4%ed%83%9c%ed%94%84","status":"publish","type":"page","link":"https:\/\/www.clc.hcmus.edu.vn\/?page_id=2964&lang=ko","title":{"rendered":"\uc2a4\ud0dc\ud504"},"content":{"rendered":"<p><strong>\uc774\uc0ac\ud68c: <\/strong><\/p>\n<div style=\"text-align: justify; padding-left: 30px; height: 130px;\">\n<div style=\"display: inline-block;\"><a href=\"\/ddien\/\"><img decoding=\"async\" loading=\"lazy\" class=\"wp-image-685 alignleft\" src=\"http:\/\/www.clc.hcmus.edu.vn\/wp-content\/uploads\/2015\/09\/ddien1.jpg\" alt=\"Associate Professor Dr. Dinh Dien\" width=\"90\" height=\"90\" \/><\/a><\/div>\n<div style=\"display: inline-block; vertical-align: top;\"><strong>\uc774\uc0ac:<\/strong><br \/>\n<strong><a href=\"https:\/\/www.clc.hcmus.edu.vn\/ddien\/\">\ub518 \ub514\uc5d4(\ubd80\uad50\uc218, \ubc15\uc0ac)<\/a><\/strong><br \/>\n\uc804\uacf5: \uc815\ubcf4\uae30\uc220, \uc5b8\uc5b4\ud559<br \/>\n\uc18c\uc18d: \ud638\uce58\ubbfc\uc2dc \uacfc\ud559\ub300\ud559\uad50 \uc815\ubcf4\uae30\uc220\ud559\ubd80<\/div>\n<\/div>\n<hr \/>\n<p style=\"text-align: justify;\"><strong>\uc790\ubb38\uc704\uc6d0\ud68c:<\/strong><\/p>\n<div style=\"text-align: justify; padding-left: 30px;\">\n<div style=\"text-align: justify; padding-left: 30px;\">\n<div style=\"display: inline-block;\"><a href=\"http:\/\/www.clc.hcmus.edu.vn\/wp-content\/uploads\/2015\/09\/GS.VS_.TSKH_.-Tran-Ngoc-Them.png\"><img decoding=\"async\" loading=\"lazy\" class=\"size-thumbnail wp-image-103 alignleft\" src=\"http:\/\/www.clc.hcmus.edu.vn\/wp-content\/uploads\/2015\/09\/GS.VS_.TSKH_.-Tran-Ngoc-Them-150x150.png\" alt=\"GS.VS.TSKH. Tran Ngoc Them\" width=\"90\" height=\"90\" \/><\/a><strong>\ucc10 \uc751\uc625 \ub5e8\ubbc0(\uad50\uc218, \ud559\uc220\uc6d0 \ud68c\uc6d0, \ubc15\uc0ac)<\/strong><br \/>\n\uc804\uacf5: \uc5b8\uc5b4\ud559, \ubb38\ud654\ud559<br \/>\n\uc18c\uc18d: \ud638\uce58\ubbfc\uc2dc \uc0ac\ud68c\uacfc\ud559\uc778\ubb38\ub300\ud559\uad50 \ubb38\ud654\ud559\ubd80<\/div>\n<\/div>\n<div style=\"text-align: justify; padding-left: 30px;\">\n<div style=\"display: inline-block;\"><a href=\"http:\/\/www.clc.hcmus.edu.vn\/wp-content\/uploads\/2015\/09\/GS.TS_.-Nguyen-Duc-Dan.jpg\"><img decoding=\"async\" loading=\"lazy\" class=\"size-thumbnail wp-image-105 alignleft\" src=\"http:\/\/www.clc.hcmus.edu.vn\/wp-content\/uploads\/2015\/09\/GS.TS_.-Nguyen-Duc-Dan-150x150.jpg\" alt=\"GS.TS. Nguyen Duc Dan\" width=\"90\" height=\"90\" \/><\/a><strong>\uc751\uc6b0\uc60c \ub4dd \ub2e8(\uad50\uc218, \ubc15\uc0ac)<\/strong><br \/>\n\uc804\uacf5: \uc5b8\uc5b4\ud559<br \/>\n\uc18c\uc18d: \ud638\uce58\ubbfc\uc2dc \uc0ac\ud68c\uacfc\ud559\uc778\ubb38\ub300\ud559\uad50 \ubb38\ud559\u00b7\uc5b8\uc5b4\ud559\ubd80<\/div>\n<\/div>\n<div style=\"text-align: justify; padding-left: 30px;\">\n<div style=\"display: inline-block;\"><a href=\"http:\/\/www.clc.hcmus.edu.vn\/wp-content\/uploads\/2015\/09\/GS.TS_.-Eduard-Hovy.png\"><img decoding=\"async\" loading=\"lazy\" class=\"size-thumbnail wp-image-104 alignleft\" src=\"http:\/\/www.clc.hcmus.edu.vn\/wp-content\/uploads\/2015\/09\/GS.TS_.-Eduard-Hovy-150x150.png\" alt=\"GS.TS. Eduard Hovy\" width=\"90\" height=\"90\" \/><\/a><\/div>\n<div style=\"display: inline-block; vertical-align: top;\"><strong>\uc5d0\ub450\uc544\ub974 \ud638\ube44(\uad50\uc218, \ubc15\uc0ac)<\/strong><br \/>\n\uc804\uacf5: \uc815\ubcf4\uae30\uc220<br \/>\n\uc18c\uc18d: \ubbf8\uad6d \uce74\ub124\uae30\uba5c\ub860\ub300\ud559\uad50 \uc5b8\uc5b4\uae30\uc220\uc5f0\uad6c\uc18c<\/div>\n<\/div>\n<\/div>\n<div style=\"text-align: justify; padding-left: 30px;\">\n<hr \/>\n<p><strong>\uc5f0\uad6c\ud300:<\/strong><\/p>\n<div style=\"text-align: justify; padding-left: 30px;\">\n<div style=\"display: inline-block;\"><strong><a href=\"http:\/\/www.clc.hcmus.edu.vn\/wp-content\/uploads\/2015\/10\/vinhla1.jpg\"><img decoding=\"async\" loading=\"lazy\" class=\"size-thumbnail wp-image-106 alignleft\" src=\"http:\/\/www.clc.hcmus.edu.vn\/wp-content\/uploads\/2015\/10\/vinhla1.jpg\" alt=\"TS. L\u01b0\u01a1ng An Vinh\" width=\"90\" height=\"90\" \/><\/a><\/strong><\/div>\n<div style=\"display: inline-block; vertical-align: top;\"><strong>\ub7c9 \uc548 \ube59(\ubc15\uc0ac)<\/strong><br \/>\n\uc804\uacf5: \uc815\ubcf4\uae30\uc220<br \/>\n\uc18c\uc18d: \uc0ac\uc774\uacf5\uacf5\uacfc\ub300\ud559\uad50 \uc815\ubcf4\uae30\uc220\ud559\ubd80<\/div>\n<\/div>\n<div style=\"text-align: justify; padding-left: 30px;\">\n<div style=\"display: inline-block;\"><strong><a href=\"http:\/\/www.clc.hcmus.edu.vn\/wp-content\/uploads\/2020\/06\/longnhb.jpg\"><img decoding=\"async\" loading=\"lazy\" class=\"size-thumbnail wp-image-106 alignleft\" src=\"http:\/\/www.clc.hcmus.edu.vn\/wp-content\/uploads\/2020\/06\/longnhb.jpg\" alt=\"TS. Nguy\u1ec5n H\u1ed3ng B\u1eedu Long\" width=\"90\" height=\"90\" \/><\/a><\/strong><\/div>\n<div style=\"display: inline-block; vertical-align: top;\"><strong>\uc751\uc6b0\uc60c \ud64d \ubd80\uc6b0 \ub871(\ubc15\uc0ac)<\/strong><br \/>\n\uc804\uacf5: \uc815\ubcf4\uae30\uc220<br \/>\n\uc18c\uc18d: \ud638\uce58\ubbfc\uc2dc \uacfc\ud559\ub300\ud559\uad50 \uc815\ubcf4\uae30\uc220\ud559\ubd80<\/div>\n<\/div>\n<div style=\"text-align: justify; padding-left: 30px;\">\n<div style=\"display: inline-block;\"><a href=\"https:\/\/www.clc.hcmus.edu.vn\/wp-content\/uploads\/2019\/03\/PTMTrang.png\"><img decoding=\"async\" loading=\"lazy\" class=\"size-thumbnail wp-image-106 alignleft\" src=\"https:\/\/www.clc.hcmus.edu.vn\/wp-content\/uploads\/2019\/03\/PTMTrang.png\" alt=\"NCS. L\u00ea Th\u00e0nh Nguy\u00ean\" width=\"90\" height=\"90\" \/><\/a><\/div>\n<div style=\"display: inline-block; vertical-align: top;\"><strong>\ud310 \ud2f0 \ubbf8 \uc9f1(\ubc15\uc0ac\uacfc\uc815 \ud559\uc0dd)<\/strong><br \/>\n\uc804\uacf5: \uc5b8\uc5b4\ud559, \uc601\uc5b4<br \/>\n\uc18c\uc18d: \uc0ac\uc774\uacf5\uacf5\uacfc\ub300\ud559\uad50 \uae30\ucd08\uacfc\ud559\ubd80<\/div>\n<\/div>\n<div style=\"text-align: justify; padding-left: 30px;\"><\/div>\n<hr \/>\n<p><strong>\ud611\ub825\uc5f0\uad6c\uc6d0:<\/strong><\/p>\n<div style=\"text-align: justify; padding-left: 30px;\">\n<ol>\n<li><strong>\uc751\uc5e0 \uaf49 \ubbfc(\ubc15\uc0ac)<\/strong><br \/>\n\uc804\uacf5: \uc815\ubcf4\uae30\uc220<br \/>\n\uc18c\uc18d: \ud638\uce58\ubbfc\uc2dc \uacfc\ud559\ub300\ud559\uad50 \uc815\ubcf4\uae30\uc220\ud559\ubd80<\/li>\n<li><strong>\uc751\uc6b0\uc60c \ud2f0 \ud64d \ub219(\ubc15\uc0ac)<\/strong><br \/>\n\uc804\uacf5: \uc815\ubcf4\uae30\uc220<br \/>\n\uc18c\uc18d: \ud638\uce58\ubbfc\uc2dc \uacfc\ud559\ub300\ud559\uad50 \uc815\ubcf4\uae30\uc220\ud559\ubd80<\/li>\n<li><strong>\ubc18 \uce58 \ub0a8(\uc11d\uc0ac)<\/strong><br \/>\n\uc804\uacf5: \uc815\ubcf4\uae30\uc220<br \/>\n\uc18c\uc18d: \ud638\uce58\ubbfc\uc2dc \uacfc\ud559\ub300\ud559\uad50 \uc815\ubcf4\uae30\uc220\ud559\ubd80<\/li>\n<li><strong>\uc751\uc6b0\uc60c \ud2f0 \ub290 \ub514\uc5e1(\ubc15\uc0ac)<\/strong><br \/>\n\uc804\uacf5: \uc5b8\uc5b4\ud559, \uc601\uc5b4<br \/>\n\uc18c\uc18d: \ubca0\ud2b8\ub0a8 \ud56d\uacf5 \uc544\uce74\ub370\ubbf8 \uc678\uad6d\uc5b4\ud559\ubd80<\/li>\n<li><strong>\ucc10 \ub808 \ud0d0 \ub9b0(\ubc15\uc0ac)<\/strong><br \/>\n\uc804\uacf5: \uc5b8\uc5b4\ud559, \uc601\uc5b4<br \/>\n\uc18c\uc18d: \ubca0\ud2b8\ub0a8 \ud56d\uacf5 \uc544\uce74\ub370\ubbf8 \uc678\uad6d\uc5b4\ud559\ubd80<\/li>\n<li><strong>\ucc10 \ud0c0\uc778 \ud479(\ubc15\uc0ac)<\/strong><br \/>\n\uc804\uacf5: \uc815\ubcf4\uae30\uc220<br \/>\n\uc18c\uc18d: \ud1a4\ub4dd\ud0d5 \ub300\ud559\uad50 \uc815\ubcf4\uae30\uc220\ud559\ubd80<\/li>\n<li><strong>\ub808 \uaf5d \uafb8\uc639(\ubd80\uad50\uc218, \ubc15\uc0ac)<\/strong><br \/>\n\uc804\uacf5: \uc5b8\uc5b4\ud559, \uc2a4\ub775\uc5b4<br \/>\n\uc18c\uc18d: \ud638\uce58\ubbfc\uc2dc \uc0ac\ud68c\uacfc\ud559\uc778\ubb38\ub300\ud559\uad50 \ubca0\ud2b8\ub0a8\ud559\ubd80<\/li>\n<li><strong>\uc751\uc6b0\uc60c \ud2f0 \ud478\uc5c9 \uc9f1(\ubd80\uad50\uc218, \ubc15\uc0ac)<\/strong><br \/>\n\uc804\uacf5: \uc5b8\uc5b4\ud559<br \/>\n\uc18c\uc18d: \ud638\uce58\ubbfc\uc2dc \uc0ac\ud68c\uacfc\ud559\uc778\ubb38\ub300\ud559\uad50 \uc5b8\ub860\ud559\ubd80<\/li>\n<li><strong>\ucc10 \ud22c\uc774 \ube59(\ubd80\uad50\uc218, \ubc15\uc0ac)<\/strong><br \/>\n\uc804\uacf5: \uc5b8\uc5b4\ud559<br \/>\n\uc18c\uc18d: \ud638\uce58\ubbfc\uc2dc \uc0ac\ud68c\uacfc\ud559\uc778\ubb38\ub300\ud559\uad50 \ubca0\ud2b8\ub0a8\ud559\ubd80<\/li>\n<li><strong>\uc751\uc6b0\uc60c \ub958 \ud22c\uc774 \uc740(\ubd80\uad50\uc218, \ubc15\uc0ac)<\/strong><br \/>\n\uc804\uacf5: \uc815\ubcf4\uae30\uc220, \uc77c\ubcf8\uc5b4<br \/>\n\uc18c\uc18d: \ud638\uce58\ubbfc\uc2dc \uc815\ubcf4\uae30\uc220\ub300\ud559\uad50 \ucef4\ud4e8\ud130\uacfc\ud559\ubd80<\/li>\n<li><strong>\ud6d9 \ud2f0 \ud64d \ud589(\ubc15\uc0ac)<\/strong><br \/>\n\uc804\uacf5: \uc5b8\uc5b4\ud559<br \/>\n\uc18c\uc18d: \ud638\uce58\ubbfc\uc2dc \uc0ac\ud68c\uacfc\ud559\uc778\ubb38\ub300\ud559\uad50 \ubb38\ud559\u00b7\uc5b8\uc5b4\ud559\ubd80<\/li>\n<li><strong>\uc751\uc6b0\uc60c \ud2f0 \ub07c\uc5d0\uc6b0 \ud22c(\ubc15\uc0ac)<\/strong><br \/>\n\uc804\uacf5: \uc5b8\uc5b4\ud559, \uc601\uc5b4<br \/>\n\uc18c\uc18d: \ud638\uce58\ubbfc\uc2dc \uc0ac\ud68c\uacfc\ud559\uc778\ubb38\ub300\ud559\uad50 \uc601\uc5b4\uc5b8\uc5b4\ubb38\ud559\ubd80<\/li>\n<li><strong>\ucc10 \ud2f0 \ubbfc \ud478\uc5c9(\ubc15\uc0ac)<\/strong><br \/>\n\uc804\uacf5: \uc5b8\uc5b4\ud559, \uc601\uc5b4<br \/>\n\uc18c\uc18d: \ud638\uce58\ubbfc\uc2dc \uc0ac\ud68c\uacfc\ud559\uc778\ubb38\ub300\ud559\uad50 \uc601\uc5b4\uc5b8\uc5b4\ubb38\ud559\ubd80<\/li>\n<li><strong>\uc751\uc6b0\uc60c \ud638\uc559 \uc911(\ubc15\uc0ac)<\/strong><br \/>\n\uc804\uacf5: \uc5b8\uc5b4\ud559, \ud504\ub791\uc2a4\uc5b4<br \/>\n\uc18c\uc18d: \ud638\uce58\ubbfc\uc2dc \uc0ac\ud68c\uacfc\ud559\uc778\ubb38\ub300\ud559\uad50 \ubb38\ud559\u00b7\uc5b8\uc5b4\ud559\ubd80<\/li>\n<li><strong>\ub808 \uaf5d \ucb5d(\ubd80\uad50\uc218, \ubc15\uc0ac)<\/strong><br \/>\n\uc804\uacf5: \uc5b8\uc5b4\ud559, \ud55c\ub0a8\ud559<br \/>\n\uc18c\uc18d: \ud638\uce58\ubbfc\uc2dc \uc0ac\ud68c\uacfc\ud559\uc778\ubb38\ub300\ud559\uad50 \ubb38\ud559\u00b7\uc5b8\uc5b4\ud559\ubd80<\/li>\n<li><strong>\ud638\uc559 \uaf41 \ub4c0\uc774 \ubd80(\ubc15\uc0ac)<\/strong><br \/>\n\uc804\uacf5: \uc815\ubcf4\uae30\uc220<br \/>\n\uc18c\uc18d: \uc2f1\uac00\ud3ec\ub974 \uc815\ubcf4\ud1b5\uc2e0\uc5f0\uad6c\uc18c(I2R)<\/li>\n<li><strong>\ub808 \uc625 \ud0c4(\ubc15\uc0ac\uacfc\uc815 \ud559\uc0dd)<\/strong><br \/>\n\uc804\uacf5: \uc815\ubcf4\uae30\uc220<br \/>\n\uc18c\uc18d: \ud638\uce58\ubbfc\uc2dc \uc0b0\uc5c5\ub300\ud559\uad50 \uc815\ubcf4\uae30\uc220\ud559\ubd80<\/li>\n<li><strong>\ubd80 \ud2f0 \ud750\uc5c9 \uc9dc(\ubc15\uc0ac)<\/strong><br \/>\n\uc804\uacf5: \uc5b8\uc5b4\ud559, \uc911\uad6d\uc5b4<br \/>\n\uc18c\uc18d: \ud638\uce58\ubbfc\uc2dc \uc0ac\ud68c\uacfc\ud559\uc778\ubb38\ub300\ud559\uad50 \uc911\uad6d\uc5b8\uc5b4\ubb38\ud559\ubd80<\/li>\n<li><strong>\ucc10 \uae40 \ud31f<\/strong><br \/>\n\uc804\uacf5: \uc815\ubcf4\uae30\uc220<br \/>\n\uc18c\uc18d: \uacc4\uc0b0\uc5b8\uc5b4\ud559\uc13c\ud130<\/li>\n<li><strong>\ub518 \uc2dc \ub514\uc5d4<\/strong><br \/>\n\uc804\uacf5: \uc815\ubcf4\uae30\uc220<br \/>\n\uc18c\uc18d: \uacc4\uc0b0\uc5b8\uc5b4\ud559\uc13c\ud130<\/li>\n<\/ol>\n<\/div>\n<\/div>\n","protected":false},"excerpt":{"rendered":"<p>\uc774\uc0ac\ud68c: \uc774\uc0ac: \ub518 \ub514\uc5d4(\ubd80\uad50\uc218, \ubc15\uc0ac) \uc804\uacf5: \uc815\ubcf4\uae30\uc220, \uc5b8\uc5b4\ud559 \uc18c\uc18d: \ud638\uce58\ubbfc\uc2dc \uacfc\ud559\ub300\ud559\uad50 \uc815\ubcf4\uae30\uc220\ud559\ubd80 \uc790\ubb38\uc704\uc6d0\ud68c: \ucc10 \uc751\uc625 \ub5e8\ubbc0(\uad50\uc218, \ud559\uc220\uc6d0 \ud68c\uc6d0, \ubc15\uc0ac) \uc804\uacf5: [&hellip;]<\/p>\n","protected":false},"author":3,"featured_media":113,"parent":2962,"menu_order":0,"comment_status":"closed","ping_status":"closed","template":"","meta":[],"_links":{"self":[{"href":"https:\/\/www.clc.hcmus.edu.vn\/index.php?rest_route=\/wp\/v2\/pages\/2964"}],"collection":[{"href":"https:\/\/www.clc.hcmus.edu.vn\/index.php?rest_route=\/wp\/v2\/pages"}],"about":[{"href":"https:\/\/www.clc.hcmus.edu.vn\/index.php?rest_route=\/wp\/v2\/types\/page"}],"author":[{"embeddable":true,"href":"https:\/\/www.clc.hcmus.edu.vn\/index.php?rest_route=\/wp\/v2\/users\/3"}],"replies":[{"embeddable":true,"href":"https:\/\/www.clc.hcmus.edu.vn\/index.php?rest_route=%2Fwp%2Fv2%2Fcomments&post=2964"}],"version-history":[{"count":6,"href":"https:\/\/www.clc.hcmus.edu.vn\/index.php?rest_route=\/wp\/v2\/pages\/2964\/revisions"}],"predecessor-version":[{"id":3698,"href":"https:\/\/www.clc.hcmus.edu.vn\/index.php?rest_route=\/wp\/v2\/pages\/2964\/revisions\/3698"}],"up":[{"embeddable":true,"href":"https:\/\/www.clc.hcmus.edu.vn\/index.php?rest_route=\/wp\/v2\/pages\/2962"}],"wp:featuredmedia":[{"embeddable":true,"href":"https:\/\/www.clc.hcmus.edu.vn\/index.php?rest_route=\/wp\/v2\/media\/113"}],"wp:attachment":[{"href":"https:\/\/www.clc.hcmus.edu.vn\/index.php?rest_route=%2Fwp%2Fv2%2Fmedia&parent=2964"}],"curies":[{"name":"wp","href":"https:\/\/api.w.org\/{rel}","templated":true}]}}