{"id":36,"date":"2019-03-12T18:16:59","date_gmt":"2015-09-14T07:31:54","guid":{"rendered":"http:\/\/www.clc.hcmus.edu.vn\/?page_id=36"},"modified":"2016-08-19T09:49:52","modified_gmt":"2016-08-19T02:49:52","slug":"cong-cu","status":"publish","type":"page","link":"https:\/\/www.clc.hcmus.edu.vn\/?page_id=36","title":{"rendered":"C\u00f4ng c\u1ee5"},"content":{"rendered":"<ol>\n<li>\n<h4>CLC_VN_WS<\/h4>\n<p>C\u00f4ng c\u1ee5 t\u00e1ch t\u1eeb ti\u1ebfng Vi\u1ec7t<\/p>\n<ul>\n<li>S\u1eed d\u1ee5ng m\u00f4 h\u00ecnh hu\u1ea5n luy\u1ec7n \u0111\u1ec3 t\u00e1ch t\u1eeb<\/li>\n<li>T\u00e1ch t\u1eeb cho to\u00e0n b\u1ed9 t\u1eadp tin<\/li>\n<li>S\u1eed d\u1ee5ng YamCha<\/li>\n<li>\u0110\u1ed9 ch\u00ednh x\u00e1c cao<\/li>\n<\/ul>\n<\/li>\n<li>\n<h4>CLC_VN_POS<\/h4>\n<p>C\u00f4ng c\u1ee5 g\u00e1n nh\u00e3n t\u1eeb lo\u1ea1i ti\u1ebfng Vi\u1ec7t<\/p>\n<ul>\n<li>S\u1eed d\u1ee5ng m\u00f4 h\u00ecnh hu\u1ea5n luy\u1ec7n \u0111\u1ec3 g\u00e1n nh\u00e3n t\u1eeb lo\u1ea1i<\/li>\n<li>G\u00e1n nh\u00e3n POS cho to\u00e0n b\u1ed9 t\u1eadp tin<\/li>\n<li>S\u1eed d\u1ee5ng YamCha<\/li>\n<li>\u0110\u1ed9 ch\u00ednh x\u00e1c cao<\/li>\n<\/ul>\n<\/li>\n<li>\n<h4>CLC_VN_NER<\/h4>\n<p>C\u00f4ng c\u1ee5 g\u00e1n nh\u00e3n NE ti\u1ebfng Vi\u1ec7t<\/p>\n<ul>\n<li>S\u1eed d\u1ee5ng m\u00f4 h\u00ecnh hu\u1ea5n luy\u1ec7n \u0111\u1ec3 g\u00e1n nh\u00e3n NE<\/li>\n<li>G\u00e1n nh\u00e3n NE cho to\u00e0n b\u1ed9 t\u1eadp tin<\/li>\n<li>S\u1eed d\u1ee5ng YamCha<\/li>\n<li>\u0110\u1ed9 ch\u00ednh x\u00e1c cao<\/li>\n<\/ul>\n<\/li>\n<li>\n<h4>CLC_VN_Toolkit<\/h4>\n<p>C\u00f4ng c\u1ee5 chu\u1ea9n h\u00f3a t\u1eadp tin, t\u00e1ch c\u00e2u, t\u00e1ch t\u1eeb, g\u00e1n nh\u00e3n t\u1eeb lo\u1ea1i, g\u00e1n nh\u00e3n NE ti\u1ebfng Vi\u1ec7t<\/p>\n<ul>\n<li>Chu\u1ea9n h\u00f3a t\u1eadp tin (d\u1ea5u c\u00e2u, i-y, d\u1ea5u thanh, unicode d\u1ef1ng s\u1eb5n)<\/li>\n<li>T\u00e1ch c\u00e2u<\/li>\n<li>T\u00e1ch t\u1eeb<\/li>\n<li>G\u00e1n nh\u00e1n t\u1eeb lo\u1ea1i<\/li>\n<li>G\u00e1n nh\u00e3n NE<\/li>\n<li>S\u1eed d\u1ee5ng m\u00f4 h\u00ecnh hu\u1ea5n luy\u1ec7n \u0111\u1ec3 g\u00e1n nh\u00e3n<\/li>\n<li>G\u00e1n nh\u00e3n cho t\u1ea5t c\u1ea3 t\u1eadp tin trong th\u01b0 m\u1ee5c<\/li>\n<li>S\u1eed d\u1ee5ng YamCha<\/li>\n<li>\u0110\u1ed9 ch\u00ednh x\u00e1c cao<\/li>\n<\/ul>\n<\/li>\n<\/ol>\n","protected":false},"excerpt":{"rendered":"<p>CLC_VN_WS C\u00f4ng c\u1ee5 t\u00e1ch t\u1eeb ti\u1ebfng Vi\u1ec7t S\u1eed d\u1ee5ng m\u00f4 h\u00ecnh hu\u1ea5n luy\u1ec7n \u0111\u1ec3 t\u00e1ch t\u1eeb T\u00e1ch t\u1eeb cho to\u00e0n [&hellip;]<\/p>\n","protected":false},"author":3,"featured_media":0,"parent":30,"menu_order":0,"comment_status":"closed","ping_status":"closed","template":"","meta":[],"_links":{"self":[{"href":"https:\/\/www.clc.hcmus.edu.vn\/index.php?rest_route=\/wp\/v2\/pages\/36"}],"collection":[{"href":"https:\/\/www.clc.hcmus.edu.vn\/index.php?rest_route=\/wp\/v2\/pages"}],"about":[{"href":"https:\/\/www.clc.hcmus.edu.vn\/index.php?rest_route=\/wp\/v2\/types\/page"}],"author":[{"embeddable":true,"href":"https:\/\/www.clc.hcmus.edu.vn\/index.php?rest_route=\/wp\/v2\/users\/3"}],"replies":[{"embeddable":true,"href":"https:\/\/www.clc.hcmus.edu.vn\/index.php?rest_route=%2Fwp%2Fv2%2Fcomments&post=36"}],"version-history":[{"count":24,"href":"https:\/\/www.clc.hcmus.edu.vn\/index.php?rest_route=\/wp\/v2\/pages\/36\/revisions"}],"predecessor-version":[{"id":1971,"href":"https:\/\/www.clc.hcmus.edu.vn\/index.php?rest_route=\/wp\/v2\/pages\/36\/revisions\/1971"}],"up":[{"embeddable":true,"href":"https:\/\/www.clc.hcmus.edu.vn\/index.php?rest_route=\/wp\/v2\/pages\/30"}],"wp:attachment":[{"href":"https:\/\/www.clc.hcmus.edu.vn\/index.php?rest_route=%2Fwp%2Fv2%2Fmedia&parent=36"}],"curies":[{"name":"wp","href":"https:\/\/api.w.org\/{rel}","templated":true}]}}