{"id":668,"date":"2019-03-12T17:59:18","date_gmt":"2015-09-25T09:24:50","guid":{"rendered":"http:\/\/www.clc.hcmus.edu.vn\/?page_id=668"},"modified":"2022-02-22T17:06:16","modified_gmt":"2022-02-22T10:06:16","slug":"de-tai-khoa-hoc","status":"publish","type":"page","link":"https:\/\/www.clc.hcmus.edu.vn\/?page_id=668","title":{"rendered":"\u0110\u1ec1 t\u00e0i khoa h\u1ecdc"},"content":{"rendered":"<ol>\n<li><strong>Ph\u1ea7n m\u1ec1m d\u1ecbch Anh-Vi\u1ec7t (Th\u00e0nh \u0110o\u00e0n)<br \/>\n<a href=\"http:\/\/www.clc.hcmus.edu.vn\/wp-content\/uploads\/2015\/09\/Mata-Talking-Dictionary.png\"><img decoding=\"async\" class=\"alignnone wp-image-838 size-medium\" src=\"http:\/\/www.clc.hcmus.edu.vn\/wp-content\/uploads\/2015\/09\/Mata-Talking-Dictionary-300x211.png\" alt=\"Mata Talking Dictionary\" width=\"300\" srcset=\"https:\/\/www.clc.hcmus.edu.vn\/wp-content\/uploads\/2015\/09\/Mata-Talking-Dictionary-300x211.png 300w, https:\/\/www.clc.hcmus.edu.vn\/wp-content\/uploads\/2015\/09\/Mata-Talking-Dictionary-350x245.png 350w, https:\/\/www.clc.hcmus.edu.vn\/wp-content\/uploads\/2015\/09\/Mata-Talking-Dictionary.png 896w\" sizes=\"(max-width: 300px) 100vw, 300px\" \/><\/a><br \/>\n<\/strong><\/li>\n<li><strong>Ph\u1ea7n m\u1ec1m luy\u1ec7n ch\u00ednh t\u1ea3 Happy Sun cho ng\u01b0\u1eddi khi\u1ebfm th\u1ecb<br \/>\n<a href=\"http:\/\/www.clc.hcmus.edu.vn\/wp-content\/uploads\/2015\/09\/Happy-Sun-Luyen-chinh-ta.png\"><img decoding=\"async\" class=\"wp-image-835 size-medium alignnone\" src=\"http:\/\/www.clc.hcmus.edu.vn\/wp-content\/uploads\/2015\/09\/Happy-Sun-Luyen-chinh-ta-300x200.png\" alt=\"Happy Sun - Luyen chinh ta\" width=\"300\" srcset=\"https:\/\/www.clc.hcmus.edu.vn\/wp-content\/uploads\/2015\/09\/Happy-Sun-Luyen-chinh-ta-300x200.png 300w, https:\/\/www.clc.hcmus.edu.vn\/wp-content\/uploads\/2015\/09\/Happy-Sun-Luyen-chinh-ta-1024x683.png 1024w, https:\/\/www.clc.hcmus.edu.vn\/wp-content\/uploads\/2015\/09\/Happy-Sun-Luyen-chinh-ta.png 1290w\" sizes=\"(max-width: 300px) 100vw, 300px\" \/><\/a><br \/>\n<\/strong><\/li>\n<li><strong>Ph\u1ea7n m\u1ec1m d\u1ea1y ti\u1ebfng Anh Let\u2019s Learn cho tr\u1ebb em khi\u1ebfm th\u1ecb<br \/>\n<a href=\"http:\/\/www.clc.hcmus.edu.vn\/wp-content\/uploads\/2015\/09\/Lets-Learn-English.jpg\"><img decoding=\"async\" class=\"alignnone wp-image-837 size-medium\" src=\"http:\/\/www.clc.hcmus.edu.vn\/wp-content\/uploads\/2015\/09\/Lets-Learn-English-300x182.jpg\" alt=\"Let's Learn English\" width=\"300\" srcset=\"https:\/\/www.clc.hcmus.edu.vn\/wp-content\/uploads\/2015\/09\/Lets-Learn-English-300x182.jpg 300w, https:\/\/www.clc.hcmus.edu.vn\/wp-content\/uploads\/2015\/09\/Lets-Learn-English.jpg 624w\" sizes=\"(max-width: 300px) 100vw, 300px\" \/><\/a><br \/>\n<\/strong><\/li>\n<li><strong>Chuy\u1ec3n t\u1ef1 t\u1ef1 \u0111\u1ed9ng t\u1eeb Ch\u1eef N\u00f4m sang Ch\u1eef Qu\u1ed1c Ng\u1eef<br \/>\n<a href=\"http:\/\/www.clc.hcmus.edu.vn\/?page_id=3039\"><img decoding=\"async\" class=\"alignnone size-medium wp-image-3159\" src=\"http:\/\/www.clc.hcmus.edu.vn\/wp-content\/uploads\/2019\/03\/chunom1-1024x502.jpg\" alt=\"chunom\" width=\"500\" srcset=\"https:\/\/www.clc.hcmus.edu.vn\/wp-content\/uploads\/2019\/03\/chunom1-1024x502.jpg 1024w, https:\/\/www.clc.hcmus.edu.vn\/wp-content\/uploads\/2019\/03\/chunom1-300x147.jpg 300w, https:\/\/www.clc.hcmus.edu.vn\/wp-content\/uploads\/2019\/03\/chunom1.jpg 1433w\" sizes=\"(max-width: 1024px) 100vw, 1024px\" \/><\/a><br \/>\n<\/strong><\/li>\n<\/ol>\n","protected":false},"excerpt":{"rendered":"<p>Ph\u1ea7n m\u1ec1m d\u1ecbch Anh-Vi\u1ec7t (Th\u00e0nh \u0110o\u00e0n) Ph\u1ea7n m\u1ec1m luy\u1ec7n ch\u00ednh t\u1ea3 Happy Sun cho ng\u01b0\u1eddi khi\u1ebfm th\u1ecb Ph\u1ea7n m\u1ec1m d\u1ea1y [&hellip;]<\/p>\n","protected":false},"author":3,"featured_media":0,"parent":42,"menu_order":0,"comment_status":"closed","ping_status":"closed","template":"","meta":[],"_links":{"self":[{"href":"https:\/\/www.clc.hcmus.edu.vn\/index.php?rest_route=\/wp\/v2\/pages\/668"}],"collection":[{"href":"https:\/\/www.clc.hcmus.edu.vn\/index.php?rest_route=\/wp\/v2\/pages"}],"about":[{"href":"https:\/\/www.clc.hcmus.edu.vn\/index.php?rest_route=\/wp\/v2\/types\/page"}],"author":[{"embeddable":true,"href":"https:\/\/www.clc.hcmus.edu.vn\/index.php?rest_route=\/wp\/v2\/users\/3"}],"replies":[{"embeddable":true,"href":"https:\/\/www.clc.hcmus.edu.vn\/index.php?rest_route=%2Fwp%2Fv2%2Fcomments&post=668"}],"version-history":[{"count":12,"href":"https:\/\/www.clc.hcmus.edu.vn\/index.php?rest_route=\/wp\/v2\/pages\/668\/revisions"}],"predecessor-version":[{"id":3163,"href":"https:\/\/www.clc.hcmus.edu.vn\/index.php?rest_route=\/wp\/v2\/pages\/668\/revisions\/3163"}],"up":[{"embeddable":true,"href":"https:\/\/www.clc.hcmus.edu.vn\/index.php?rest_route=\/wp\/v2\/pages\/42"}],"wp:attachment":[{"href":"https:\/\/www.clc.hcmus.edu.vn\/index.php?rest_route=%2Fwp%2Fv2%2Fmedia&parent=668"}],"curies":[{"name":"wp","href":"https:\/\/api.w.org\/{rel}","templated":true}]}}